886959 a composite number?
True
Is 3744493 composite?
False
Is 406485815 prime?
False
Is 9579677 a prime number?
True
Is 28357057 a composite number?
False
Is 184823 composite?
False
Is 63504313 a prime number?
False
Is 25860379 a composite number?
False
Is 673675553 prime?
False
Is 45061685 prime?
False
Is 3228553 composite?
True
Is 311761127 composite?
True
Is 89657437 composite?
False
Is 41049499 prime?
True
Is 93185189 a prime number?
True
Is 138737 a composite number?
True
Is 17989291 composite?
True
Is 22619237 composite?
False
Is 2777119 composite?
True
Is 40667023 prime?
True
Is 47444071 prime?
True
Is 3080729 prime?
True
Is 1182676993 composite?
False
Is 4788053 a prime number?
False
Is 3437591 a prime number?
True
Is 45176657 composite?
True
Is 10069391 a composite number?
True
Is 15952217 a composite number?
True
Is 29549969 composite?
False
Is 17986999 a composite number?
False
Is 33112293 prime?
False
Is 77557 a composite number?
False
Is 7240063 composite?
False
Is 17233213 prime?
False
Is 277268471 a prime number?
True
Is 575947153 a composite number?
False
Is 4487867 a composite number?
True
Is 2019967 prime?
True
Is 13003909 a composite number?
True
Is 1185263 composite?
True
Is 5570039 a prime number?
True
Is 15357023 composite?
True
Is 11155841 a composite number?
False
Is 2616647 a composite number?
True
Is 151091 composite?
False
Is 876571141 composite?
True
Is 25344197 a composite number?
False
Is 40662433 prime?
False
Is 17449262 a prime number?
False
Is 90116317 a prime number?
True
Is 83052951 a prime number?
False
Is 283166449 prime?
False
Is 6315833 prime?
False
Is 7970353 prime?
True
Is 202386367 a prime number?
True
Is 5206037 a prime number?
True
Is 773317 a composite number?
False
Is 3394021 composite?
True
Is 20325259 composite?
True
Is 83560573 a composite number?
False
Is 10975361 composite?
False
Is 282918463 a prime number?
True
Is 2135233 composite?
True
Is 401881 a composite number?
True
Is 1865561 a prime number?
True
Is 5628947 a composite number?
True
Is 178998977 a prime number?
True
Is 2309863 composite?
False
Is 131411 composite?
True
Is 13754438 a prime number?
False
Is 336485339 composite?
True
Is 84817 composite?
True
Is 3443339 a composite number?
False
Is 2089933 composite?
False
Is 87970297 composite?
True
Is 7326755 prime?
False
Is 23670419 a prime number?
False
Is 205891703 composite?
False
Is 878881193 a composite number?
False
Is 2259493 composite?
False
Is 222107 prime?
True
Is 6675949 a composite number?
True
Is 1112759 prime?
False
Is 12882059 prime?
True
Is 12130771 a composite number?
False
Is 1979011 a prime number?
False
Is 1732061 prime?
False
Is 6403571 a composite number?
False
Is 196714415 composite?
True
Is 833217871 a prime number?
False
Is 1049311693 a prime number?
False
Is 130506833 composite?
False
Is 23670793 a prime number?
True
Is 13854851 a composite number?
False
Is 5692441 a prime number?
True
Is 314737457 a composite number?
True
Is 59409517 a composite number?
True
Is 144563 a prime number?
True
Is 7814087 prime?
True
Is 5533651 prime?
True
Is 3515677 a composite number?
True
Is 452989 prime?
True
Is 5508219 prime?
False
Is 10088333 a prime number?
True
Is 260373917 a composite number?
False
Is 9349177 a composite number?
False
Is 1082757641 prime?
False
Is 217600073 composite?
True
Is 13449291 a prime number?
False
Is 153964183 a composite number?
True
Is 4336663 a composite number?
False
Is 1665431 a composite number?
True
Is 336084247 composite?
False
Is 4096201 composite?
True
Is 143274121 a prime number?
True
Is 1276234 a composite number?
True
Is 1186245727 a prime number?
False
Is 4876603 composite?
True
Is 29874029 prime?
False
Is 2618753 a composite number?
True
Is 193639 a composite number?
True
Is 95662657 composite?
False
Is 155879 a prime number?
False
Is 1866593 prime?
True
Is 296022799 a composite number?
True
Is 3846961 a composite number?
False
Is 19359033 a prime number?
False
Is 122308759 a composite number?
True
Is 26470009 a prime number?
True
Is 14872549 composite?
True
Is 330989 a composite number?
True
Is 214613827 a composite number?
True
Is 2404613 a composite number?
False
Is 37003657 a prime number?
False
Is 7540097 composite?
True
Is 117831059 composite?
False
Is 90827873 a composite number?
False
Is 22543987 prime?
True
Is 41589403 a composite number?
True
Is 14070743 prime?
True
Is 29071019 a composite number?
True
Is 830315779 prime?
False
Is 3516199 a prime number?
True
Is 233324483 a prime number?
False
Is 23909989 a prime number?
False
Is 981841 prime?
False
Is 23304679 prime?
True
Is 239339 a prime number?
False
Is 112664743 a prime number?
False
Is 12204719 composite?
True
Is 684269 prime?
True
Is 1247304403 composite?
False
Is 231871 a prime number?
True
Is 87201077 composite?
True
Is 86227565 a composite number?
True
Is 3640121 a prime number?
True
Is 36332323 composite?
True
Is 404477 prime?
False
Is 6127831 a prime number?
True
Is 49761947 composite?
True
Is 4413131 prime?
True
Is 119487997 composite?
False
Is 8639563 composite?
False
Is 9648323 a composite number?
False
Is 20403569 composite?
True
Is 521863 prime?
False
Is 3743071 composite?
True
Is 1737821 composite?
False
Is 752862401 prime?
True
Is 16697937 a prime number?
False
Is 540576941 prime?
True
Is 32023715 composite?
True
Is 132911 prime?
True
Is 1210351 a prime number?
True
Is 9440363 a composite number?
False
Is 256323121 prime?
True
Is 70259611 prime?
False
Is 2729833 prime?
True
Is 13045735 a composite number?
True
Is 75894803 a composite number?
True
Is 245771 a composite number?
False
Is 3950093 prime?
False
Is 64110833 a composite number?
False
Is 450785183 prime?
False
Is 413779 a composite number?
False
Is 655441 composite?
True
Is 5987207 a prime number?
False
Is 14298397 a composite number?
False
Is 337142087 composite?
False
Is 2960011 a composite number?
False
Is 4248169 composite?
True
Is 85835887 composite?
False
Is 8548363 composite?
False
Is 13004045 a composite number?
True
Is 36015202 a prime number?
False
Is 240983 a composite number?
True
Is 330073439 a prime number?
True
Is 1563496483 a composite number?
False
Is 1221499 a composite number?
False
Is 175328729 a prime number?
False
Is 248362 prime?
False
Is 46269397 a composite number?
False
Is 86341159 a composite number?
False
Is 3396037 composite?
False
Is 272407867 prime?
True
Is 123959881 composite?
True
Is 14007467 prime?
True
Is 27885003 a composite number?
True
Is 8423167 a composite number?
False
Is 7920707 composite?
False
Is 2048467 prime?
True
Is 8429329 a composite number?
False
Is 4083245 a composite number?
True
Is 99861101 composite?
True
Is 49926743 composite?
False
Is 11944841 composite?
True
Is 5091467 a prime number?
True
Is 4121677 prime?
False
Is 19747171 a composite number?
True
Is 4886581 prime?
False
Is 125563199 a prime number?
True
Is 2774897 prime?
True
Is 84651733 prime?
False
Is 16306223 a composite number?
True
Is 495748963 composite?
False
Is 291079 a composite number?
True
Is 31681007 a composite number?
False
Is 1296949 a composite number?
False
Is 29010039 a prime number?
False
Is 34919383 prime?
True
Is 29127661 a prime number?
True
Is 2731889 a prime number?
True
Is 12230147 a prime number?
False
Is 7991219 prime?
True
Is 165640427 prime?
True
Is 1762207 composite?
False
Is 4925293 a composite number?
False
Is 16785539 a composite number?
True
Is 18476069 composite?
False
Is 1949631 prime?
False
Is 128800997 composite?
True
Is 202819597 a composite number?
False
Is 350397811 a composite number?
False
Is 20437279 a composite number?
True
Is 218483483 prime?
False
Is 24396787 a prime number?
False
Is 128995771 a composite number?
True
Is 36966179 a composite number?
False
Is 20149309 composite?
False
Is 52648143 a composite number?
True
Is 8662573 prime?
False
Is 31966507 a composite number?
False
Is 203137553 a composite number?
False
Is 24824321 a prime number?
False
Is 102627293 prime?
False
Is 3492759 a composite number?
True
Is 44559451 a prime number?
True
Is 1854089 prime?
True
Is 345157 composite?
True
Is 5325919 composite?
False
Is 512503085 composite?
True
Is 12994619 a composite number?
True
Is 74854573 a prime number?
True
Is 232959979 prime